e -3*q - l + 45 = -2, 5*l + 37 = c*q. List the prime factors of q.
2
Let z = 75 + -40. Suppose -4*y - z = -3*p + 10, 41 = 4*p + y. List the prime factors of p.
11
Let m = 4 + -1. List the prime factors of m.
3
Let x be 4 - ((-10)/2 + 2). Let s(l) = 2*l + 6. List the prime factors of s(x).
2, 5
Let c = 3 - 8. Let s(j) = 3*j**2 + 2*j + 1. Let n(r) = -7*r**2 - 5*r - 1. Let l(p) = -4*n(p) - 9*s(p). List the prime factors of l(c).
2, 5
Suppose -4*z = -6*z. Suppose z = 4*c + c - 220. List the prime factors of c.
2, 11
Let w(c) = -3*c + 3. Let a(h) = -h**2 + 5*h + 1. Suppose 2*f + 5*x = -0*f - 13, -4*x - 20 = 0. Let t be a(f). List the prime factors of w(t).
2, 3
Let u(o) = o**2 + o - 1. Let l be u(-3). Suppose -2 = d + 3*h, -h = -l*d + 2*h + 62. What are the prime factors of d?
2, 5
Suppose -2*l - 4*w - 11 = -71, 4*l - 120 = -3*w. What are the prime factors of l?
2, 3, 5
Suppose -5*v - z = -21, 5*z + 14 = v - 11. Suppose 34 = 5*u + 2*c + c, 4*c + 13 = v*u. List the prime factors of u.
5
Suppose 2*c - x = 3 + 3, 3*x + 14 = 5*c. Let y be 13/c - (-4)/(-16). What are the prime factors of (-2)/y*(-16 + -2)?
2, 3
Suppose x + 2 = -4*l - 3, -2*x + 4*l + 50 = 0. What are the prime factors of x?
3, 5
What are the prime factors of -4*2*110/(-40) + -1?
3, 7
Suppose 2*z - 118 = -2*j, z + j + 177 = 4*z. What are the prime factors of z?
59
Let a(g) = -g**3 - g - 10. Let d be a(0). What are the prime factors of 624/40 - 4/d?
2
Suppose 0 = 3*q - 2*v + 2 - 3, 5*q + v = -20. Let n(r) = 3*r**2 + 5*r + 3. What are the prime factors of n(q)?
3, 5
Let r(w) = -w**3 - w**2 + 5. Let u be r(0). Suppose -71 = -u*t + 4*x, x + 27 = 3*t - 10. List the prime factors of t.
11
Let k(f) = 2*f**2 - 4*f + 6. Let h = 9 - 3. List the prime factors of k(h).
2, 3
Let t = 15 + 12. Let h be 4/((1 + 1)/(-8)). Let b = t + h. What are the prime factors of b?
11
Suppose 220 = 9*u - 4*u. What are the prime factors of u?
2, 11
Suppose -2*x - 35 = -5*k + 3*x, 0 = -2*k - 3*x - 6. Let h = 6 + k. What are the prime factors of h?
3
Let v(l) = -2*l**3 - 2*l**3 - l**2 + 3*l**3 - 4*l**3. Let j be v(-1). Let d = j + 1. List the prime factors of d.
5
Let i = -4 + 7. Let q = 14 + i. What are the prime factors of q?
17
Let j be 2/3 - 589/(-3). Let w = -81 + j. What are the prime factors of 4/10 + w/10?
2, 3
Let r be (0 - -2)/((-4)/(-6)). Suppose 7*l = r*l - 5*y + 58, -5*y = 2*l - 24. List the prime factors of l.
17
Let q be 2/(2 + -1 + 1). Let n be (-16)/(-12)*(q + 2). Suppose n*l - 13 = -1. What are the prime factors of l?
3
Suppose -2*s - 10 = -3*y, -4*y = -2*y - 4. List the prime factors of ((-80)/(-12))/(s/(-6)).
2, 5
Let c(n) = -n**3 - 8*n**2 - 7*n + 3. Let x be c(-7). Suppose -3*r - 9 = 0, -29 + 5 = -x*y - 3*r. What are the prime factors of y?
11
Let n(c) = 3*c**3 - 2*c**2 - 2*c + 1. What are the prime factors of n(2)?
13
Let i(h) = h**3 - 6*h**2 + h - 3. Let r = -30 - -43. Let s = 19 - r. List the prime factors of i(s).
3
Let s(y) = -4*y + 6. Let v be s(-5). Suppose 0 = 4*p - 86 + v. What are the prime factors of p?
3, 5
Suppose x = -2*k - 3*k + 30, -5 = -2*x + k. Suppose 2*g - x*p + 16 = 5*g, -3*p + 30 = -5*g. What are the prime factors of (-15)/(-2)*(-4)/g?
2, 5
Let u(r) = r - 1. Let o be u(1). Suppose 2*q - 144 = -4*g, 2*g + 64 = -o*q + q. Suppose 4*b = 5*l + q, -4*b = -0*l + l - 44. What are the prime factors of b?
2, 3
Suppose -3*b = -4*h - 32, -b + h + 14 = 3*h. Suppose 10 = -4*m - 5*x - 8, -m - 5*x = b. What are the prime factors of (-3)/m*(-112)/(-12)?
2, 7
Let s be 8/12 - 4/6. Suppose -2*h + s*h + 6 = 0. Suppose 0 = -4*u - 3*f + 38, h*u - f = -3*f + 29. What are the prime factors of u?
11
List the prime factors of (-424)/6*-3 + 5 + -4.
3, 71
Suppose -c = 5*z - 4, 5*c = 7*z - 3*z + 20. List the prime factors of ((-1)/2)/(c/(-24)).
3
Let p(v) = 6*v - 3. List the prime factors of p(9).
3, 17
Suppose 5 - 2 = -3*w. List the prime factors of -24*w/(-1 + 3).
2, 3
Let h(l) = l + 90. Let f be h(0). Suppose 0 = -3*d + 8*d - f. List the prime factors of d.
2, 3
Suppose -5*q + 22 = 2. Suppose -3*l - 14 = -q*z, -1 = 2*l + 3. What are the prime factors of z?
2
Let t(g) = g. Let h(l) = -6*l + 1. Let q(k) = -4*h(k) - 22*t(k). What are the prime factors of q(4)?
2
Let u(x) be the second derivative of x**4/12 + x**3/6 - 3*x**2/2 - 3*x. Let h be u(-3). Suppose h*k - 48 = -0*k. List the prime factors of k.
2
Let w = -97 + 68. Suppose 3*l = 2*b - 57, 5*l - 28 = 4*b - 125. Let u = l - w. List the prime factors of u.
2, 3
Let b(h) = 2*h**2 - 2*h - 1. Let a be b(3). Let f = 26 - a. What are the prime factors of f?
3, 5
Suppose -5*y + 980 = 5*i, -i + 0 + 2 = 0. What are the prime factors of y?
2, 97
Let r = -20 + -34. Let f = -23 - r. What are the prime factors of f?
31
Suppose 10 = 5*g - 3*y, -5*g - 3*y = y - 45. Suppose -6 = -g*t + 2*t. List the prime factors of t.
2
Suppose 0*m - 69 = -3*m. What are the prime factors of m?
23
Let n be 1 - (8 - 2)/(-3). Let d = n - -4. What are the prime factors of d?
7
Let h(b) = -b**3 - 7*b**2 - 7*b - 2. Let c be h(-6). Let z = 24 - c. List the prime factors of z.
2, 5
Suppose -2*n + 3*n - 2 = 0. Suppose 0 = 3*h + 4*f - 2*f - 13, n*h - 6 = -2*f. What are the prime factors of h?
7
Suppose 3*c - 25 = -2*f, 2*f + 0*f - 30 = -4*c. Let v be 1 + c - (3 + -1). Suppose 0 = v*i - 0*i - 56. What are the prime factors of i?
2, 7
Let s be ((4 + -3)*0)/(-2). Suppose s = -2*r + 5 - 1. What are the prime factors of r?
2
Suppose -10*v + 69 = -7*v. What are the prime factors of v?
23
Let f(q) = -7*q**2 - 16*q + 3. Let k(j) = -4*j**2 - 8*j + 2. Let g(y) = 3*f(y) - 5*k(y). Let n be g(-7). Let v = -4 + n. List the prime factors of v.
2
Suppose 0 = 2*x + 3*i - 61, 0 = -4*i - i - 15. List the prime factors of x.
5, 7
Let h(k) = k**3 - k**2 + k + 6. Let w be h(0). Suppose w - 38 = -2*p. What are the prime factors of p?
2
Let f(u) = u + 20. Let s be f(-9). Suppose -31 - s = -2*d. What are the prime factors of d?
3, 7
What are the prime factors of (((-56)/(-10))/(-2))/((-7)/525)?
2, 3, 5, 7
Suppose -4*a - 3*r + 105 = 0, 157 - 47 = 4*a - 2*r. What are the prime factors of a?
3
Suppose n - 91 = -2*f, -43 = -n + 4*f + 72. What are the prime factors of n?
3, 11
Suppose 3*t + 133 = 4*y, -5*y + 4*y = 3*t - 22. Let u = y - 21. Let g = u - 6. List the prime factors of g.
2
Let x(u) = 2*u**3 + 3*u**2 - 2*u - 1. Let p be x(-3). Suppose b + 3*b + 193 = 5*g, 0 = g + 3*b - 31. Let r = p + g. List the prime factors of r.
3, 5
Suppose 2*s - 24 = -5*q, 2*s = -2*s + 8. Suppose 0 = q*h + h - 10. List the prime factors of h.
2
Let t be 4*((-9)/2)/(-3). Let l be t/2 - (-2 - -2). Let d = 5 - l. What are the prime factors of d?
2
Suppose -17 = -5*x + 8. Let d(u) = u - 2. Let s be d(x). Suppose s*c = 5*c - 22. List the prime factors of c.
11
Let n(f) = 3*f + 6 + 2*f - 7*f. Let z be n(6). Let r = z + 15. List the prime factors of r.
3
Let g(x) = -3. Let b(s) = s - 1. Let v(n) = 2*b(n) + g(n). Let u = 8 + -3. List the prime factors of v(u).
5
Let r = 13 - 23. Let d(b) = 5*b**2 + 1. Let y be d(-1). What are the prime factors of (y/3)/((-2)/r)?
2, 5
Suppose -v = -4*v + 72. List the prime factors of v.
2, 3
Let j = -49 + 117. Suppose -3*s + y = -235, s = 5*y - 13 + j. Suppose 3*v - 8*v = -s. What are the prime factors of v?
2
Suppose 3*i = 15 - 0. Suppose -5*z - 20 + i = 0. Let s = 0 - z. List the prime factors of s.
3
Let t(b) be the third derivative of -b**6/120 + b**5/12 - b**4/12 - b**3/6 + 2*b**2. What are the prime factors of t(3)?
11
Let b(x) = x**3 - 8*x**2 + 8*x - 4. What are the prime factors of b(8)?
2, 3, 5
Suppose 29*v - 31*v = -66. Let k(p) = 15*p**2 + 1. Let q be k(1). Let x = v - q. List the prime factors of x.
17
Let j be 3/(3/2) - 0. Let w be 3/6*(-1 - -5). Suppose -w*m + 2 + j = 0. List the prime factors of m.
2
Let n(a) = -2*a**3 - 3*a**2 - 2*a + 1. Let k = 6 + -8. List the prime factors of n(k).
3
Suppose 4*j = j. Let i = 2 - j. Suppose -4*x + 9*x + 3*n - 42 = 0, 0 = 3*x - 4*n - i. What are the prime factors of x?
2, 3
Suppose 0 = 5*a - 2*a. Suppose -3*j + i + 158 = 0, -j + i + 9 + 47 = a. Suppose 0 = -4*m + j - 3. What are the prime factors of m?
2, 3
Suppose 0 = -2*d + 44 + 20. Suppose -d - 24 = -4*h. Suppose -3*w = -19 - h. List the prime factors of w.
11
Let x be (-8)/(-20) - 4/10. Let t = 7 - x. Let q 